rue
Is 646909 prime?
True
Is 49491451 a prime number?
False
Is 136546541 prime?
True
Is 20333947 a prime number?
True
Is 3898069 composite?
True
Is 2828939 composite?
False
Is 6179761 a composite number?
True
Is 20377283 a prime number?
True
Is 167228807 prime?
True
Is 1529027 prime?
True
Is 6411521 composite?
False
Is 35282257 prime?
False
Is 5484983 a composite number?
True
Is 7584347 composite?
True
Is 5890747 composite?
False
Is 734932649 composite?
True
Is 511963217 a prime number?
True
Is 3280273 a composite number?
True
Is 100317253 prime?
True
Is 184489687 prime?
True
Is 1591559 a prime number?
False
Is 224213555 prime?
False
Is 4055321 composite?
False
Is 171089141 a prime number?
False
Is 5052101 composite?
True
Is 2183767 a composite number?
True
Is 164474459 a composite number?
True
Is 9709183 a composite number?
True
Is 15857423 a composite number?
True
Is 404217854 prime?
False
Is 5722495 composite?
True
Is 1936082 a composite number?
True
Is 33017837 a composite number?
False
Is 5441153 a composite number?
True
Is 11419921 a composite number?
False
Is 328235 a prime number?
False
Is 2911679 a composite number?
False
Is 17768714 prime?
False
Is 471853 a prime number?
True
Is 6582551 composite?
False
Is 9570361 a prime number?
True
Is 7451071 composite?
False
Is 30599902 a composite number?
True
Is 15265505 a composite number?
True
Is 9028645 prime?
False
Is 574440511 a prime number?
False
Is 56565853 a prime number?
True
Is 146691313 composite?
True
Is 11359471 a composite number?
False
Is 178699639 a composite number?
False
Is 14383157 prime?
False
Is 95507459 prime?
True
Is 1790563 prime?
False
Is 7854991 composite?
False
Is 110924579 prime?
False
Is 210329 a prime number?
False
Is 18980111 composite?
True
Is 95226139 a composite number?
False
Is 49604669 composite?
False
Is 9523819 prime?
True
Is 11618345 a composite number?
True
Is 67564859 a composite number?
True
Is 95551411 a composite number?
False
Is 78649889 a prime number?
False
Is 127131047 composite?
True
Is 345740333 prime?
True
Is 20564839 composite?
False
Is 11347873 composite?
True
Is 43427281 prime?
True
Is 119538451 prime?
True
Is 52091147 composite?
False
Is 10978203 a composite number?
True
Is 111690223 a prime number?
False
Is 8254003 composite?
True
Is 2432281 a prime number?
False
Is 31775721 composite?
True
Is 2660641 a composite number?
True
Is 5785331 a prime number?
True
Is 39282913 composite?
False
Is 5150407 prime?
True
Is 2383019 a composite number?
False
Is 96282089 a composite number?
False
Is 1094843 a prime number?
True
Is 5523293 composite?
False
Is 3849737 composite?
False
Is 5462957 prime?
True
Is 999767 composite?
True
Is 21024481 a prime number?
False
Is 21366551 composite?
False
Is 38000459 a prime number?
False
Is 13124321 a composite number?
True
Is 19329389 prime?
False
Is 43161683 a prime number?
True
Is 4657417 prime?
True
Is 19084811 a prime number?
True
Is 412967 a prime number?
True
Is 5268455 a prime number?
False
Is 7114379 prime?
False
Is 222550957 composite?
False
Is 187060189 a prime number?
False
Is 7701701 prime?
False
Is 2443229 prime?
False
Is 20623693 prime?
True
Is 5916169 a composite number?
True
Is 8263571 composite?
False
Is 3259771 composite?
False
Is 16409213 composite?
False
Is 7942729 a prime number?
True
Is 6735529 composite?
False
Is 234359179 composite?
True
Is 467763914 a prime number?
False
Is 1006553 composite?
True
Is 275403497 prime?
True
Is 29075209 prime?
True
Is 21665713 a composite number?
False
Is 76674529 a prime number?
True
Is 22682213 a prime number?
True
Is 11780765 a prime number?
False
Is 12003869 a composite number?
False
Is 20738209 a prime number?
True
Is 2000749 composite?
True
Is 137298023 prime?
True
Is 178131691 composite?
True
Is 247279 a composite number?
False
Is 5213651 a prime number?
False
Is 1368487 prime?
True
Is 32327371 prime?
False
Is 766321 a prime number?
True
Is 71384639 a composite number?
False
Is 67957223 composite?
False
Is 3207857 composite?
False
Is 246403 a composite number?
False
Is 1761313 a composite number?
True
Is 30798397 a composite number?
True
Is 111638047 prime?
True
Is 61751 prime?
True
Is 120641 a prime number?
True
Is 13087673 a prime number?
False
Is 3572579 prime?
True
Is 318337163 prime?
True
Is 17249249 a prime number?
True
Is 142957753 a prime number?
True
Is 22036051 prime?
True
Is 179587391 a composite number?
False
Is 44692261 composite?
True
Is 34445551 composite?
True
Is 98069291 a prime number?
False
Is 411212017 composite?
True
Is 3287617 prime?
True
Is 6379777 composite?
True
Is 1578509 a composite number?
False
Is 11732161 composite?
True
Is 367499321 prime?
False
Is 42132869 a composite number?
False
Is 6876179 prime?
True
Is 864581 a prime number?
True
Is 355115021 composite?
False
Is 7447631 a composite number?
False
Is 3073571 a prime number?
False
Is 37409783 a prime number?
False
Is 85819969 a prime number?
False
Is 8124577 composite?
True
Is 5630491 composite?
True
Is 182766839 composite?
False
Is 16897627 composite?
False
Is 1532753 a prime number?
False
Is 2629787 prime?
True
Is 720750203 a prime number?
True
Is 157215283 composite?
True
Is 28442849 prime?
False
Is 14066069 prime?
True
Is 5336117 composite?
False
Is 144938803 prime?
False
Is 83515609 prime?
True
Is 62238719 a composite number?
False
Is 64493561 prime?
False
Is 1288967 a composite number?
False
Is 36823031 composite?
True
Is 350347 prime?
True
Is 8937373 a composite number?
False
Is 527429 a prime number?
False
Is 617809 composite?
False
Is 270177317 prime?
False
Is 105054797 composite?
False
Is 20815639 prime?
False
Is 89645 a composite number?
True
Is 239109919 a composite number?
False
Is 1522679 a prime number?
False
Is 235203 prime?
False
Is 7747789 a composite number?
True
Is 10969217 composite?
True
Is 4150933 composite?
False
Is 43521827 a prime number?
False
Is 6997021 a composite number?
False
Is 39287161 composite?
False
Is 626903 a composite number?
True
Is 42036209 composite?
False
Is 4460837 a composite number?
False
Is 528497 prime?
False
Is 59669237 composite?
True
Is 51661357 a composite number?
True
Is 88112735 a prime number?
False
Is 24472387 a prime number?
True
Is 27220703 a prime number?
True
Is 4424359 prime?
False
Is 17452843 a prime number?
True
Is 1467846935 composite?
True
Is 3448933 a composite number?
False
Is 1341185 prime?
False
Is 1415987 composite?
True
Is 63538 composite?
True
Is 8279563 prime?
False
Is 6303083 a prime number?
False
Is 71451269 a composite number?
False
Is 16590601 composite?
False
Is 67971413 a prime number?
True
Is 1372951 a composite number?
False
Is 61107317 prime?
True
Is 97758691 composite?
False
Is 52402519 a prime number?
False
Is 1278857 composite?
False
Is 112902497 a prime number?
True
Is 3526247 prime?
True
Is 44549489 a composite number?
False
Is 606953239 a composite number?
False
Is 438116093 a prime number?
False
Is 1034162257 a prime number?
True
Is 5154577 a prime number?
True
Is 222221309 prime?
True
Is 44256223 a composite number?
True
Is 105378943 a composite number?
False
Is 1189865735 a composite number?
True
Is 47585555 prime?
False
Is 183102179 prime?
False
Is 2294977 a prime number?
True
Is 271409 prime?
True
Is 2486287 a composite number?
False
Is 4468277 a composite number?
True
Is 64636139 a composite number?
True
Is 101392001 composite?
False
Is 15781973 composite?
False
Is 4544929 a composite number?
True
Is 13620707 prime?
True
Is 34501919 prime?
False
Is 2688859 prime?
True
Is 394061 a composite number?
True
Is 3175343 a prime number?
True
Is 4148657 composite?
False
Is 11326453 a prime number?
True
Is 915983 composite?
True
Is 4354837 composite?
False
Is 7286491 composite?
True
Is 32975861 composite?
False
Is 2639719 a composite number?
True
Is 4277419 composite?
False
Is 500712983 prime?
True
Is 15703847 prime?
False
Is 3960505 a prime number?
False
Is 19024553 a composite number?
False
Is 12037295 a prime number?
False
Is 16363391 composite?
True
Is 23560661 a composite number?
False
Is 1031579 a composite number?
True
Is 98749571 prime?
False
Is 605433995 prime?
False
Is 29563927 prime?
False
Is 9049433 prime?
True
Is 127503089 composite?
True
Is 7997251 a composite number?